{"id":8962,"date":"2022-02-28T15:02:56","date_gmt":"2022-02-28T14:02:56","guid":{"rendered":"https:\/\/new.pramottonmobili.it\/prodotto\/specchio-extra-large\/"},"modified":"2022-03-02T15:57:08","modified_gmt":"2022-03-02T14:57:08","slug":"miroir-extra-large","status":"publish","type":"prodotto","link":"https:\/\/www.pramottonmobili.it\/fr\/prodotto\/miroir-extra-large\/","title":{"rendered":"Miroir Extra large"},"content":{"rendered":"<p>Extra Large est une famille de miroirs grand format rectangulaires, pouvant \u00eatre install\u00e9s aussi bien horizontalement que verticalement.<\/p>\n<p>La grande surface de projection du miroir est en retrait par rapport au cadre g\u00e9om\u00e9trique \u00e9pur\u00e9. Le cadre du miroir est en aluminium tr\u00e9fil\u00e9 anodis\u00e9, ce qui cr\u00e9e un ult\u00e9rieur jeu de perspectives.<\/p>\n<p>La version individuelle miroir \u00e0 roulettes est la solution id\u00e9ale pour une utilisation dynamique dans les endroits les plus vari\u00e9s d\u2019une maison ou d\u2019un magasin.<\/p>\n","protected":false},"author":1,"featured_media":7729,"template":"","marchio":[122],"tipologia":[235],"class_list":["post-8962","prodotto","type-prodotto","status-publish","has-post-thumbnail","hentry","marchio-kristalia-fr","tipologia-miroirs"],"acf":[],"_links":{"self":[{"href":"https:\/\/www.pramottonmobili.it\/fr\/wp-json\/wp\/v2\/prodotto\/8962","targetHints":{"allow":["GET"]}}],"collection":[{"href":"https:\/\/www.pramottonmobili.it\/fr\/wp-json\/wp\/v2\/prodotto"}],"about":[{"href":"https:\/\/www.pramottonmobili.it\/fr\/wp-json\/wp\/v2\/types\/prodotto"}],"author":[{"embeddable":true,"href":"https:\/\/www.pramottonmobili.it\/fr\/wp-json\/wp\/v2\/users\/1"}],"version-history":[{"count":0,"href":"https:\/\/www.pramottonmobili.it\/fr\/wp-json\/wp\/v2\/prodotto\/8962\/revisions"}],"wp:featuredmedia":[{"embeddable":true,"href":"https:\/\/www.pramottonmobili.it\/fr\/wp-json\/wp\/v2\/media\/7729"}],"wp:attachment":[{"href":"https:\/\/www.pramottonmobili.it\/fr\/wp-json\/wp\/v2\/media?parent=8962"}],"wp:term":[{"taxonomy":"marchio","embeddable":true,"href":"https:\/\/www.pramottonmobili.it\/fr\/wp-json\/wp\/v2\/marchio?post=8962"},{"taxonomy":"tipologia","embeddable":true,"href":"https:\/\/www.pramottonmobili.it\/fr\/wp-json\/wp\/v2\/tipologia?post=8962"}],"curies":[{"name":"wp","href":"https:\/\/api.w.org\/{rel}","templated":true}]}}

<p>Extra Large est une famille de miroirs grand format rectangulaires, pouvant être installés aussi bien horizontalement que verticalement.</p>
<p>La grande surface de projection du miroir est en retrait par rapport au cadre géométrique épuré. Le cadre du miroir est en aluminium tréfilé anodisé, ce qui crée un ultérieur jeu de perspectives.</p>
<p>La version individuelle miroir à roulettes est la solution idéale pour une utilisation dynamique dans les endroits les plus variés d’une maison ou d’un magasin.</p>
