{"id":8944,"date":"2022-02-28T15:00:30","date_gmt":"2022-02-28T14:00:30","guid":{"rendered":"https:\/\/new.pramottonmobili.it\/prodotto\/tavolo-metro\/"},"modified":"2022-03-02T14:54:36","modified_gmt":"2022-03-02T13:54:36","slug":"table-metro","status":"publish","type":"prodotto","link":"https:\/\/www.pramottonmobili.it\/fr\/prodotto\/table-metro\/","title":{"rendered":"Table Metr\u00f2"},"content":{"rendered":"<p>Table \u00e0 rallonges pour salle \u00e0 manger, structure en aluminium, m\u00e9canisme t\u00e9lescopique, plateau et rallonge en panneaux stratifi\u00e9s aluminium et bois.<\/p>\n","protected":false},"author":1,"featured_media":7584,"template":"","marchio":[128],"tipologia":[236],"class_list":["post-8944","prodotto","type-prodotto","status-publish","has-post-thumbnail","hentry","marchio-ozzio-italia-fr","tipologia-tables-et-chaises"],"acf":[],"_links":{"self":[{"href":"https:\/\/www.pramottonmobili.it\/fr\/wp-json\/wp\/v2\/prodotto\/8944","targetHints":{"allow":["GET"]}}],"collection":[{"href":"https:\/\/www.pramottonmobili.it\/fr\/wp-json\/wp\/v2\/prodotto"}],"about":[{"href":"https:\/\/www.pramottonmobili.it\/fr\/wp-json\/wp\/v2\/types\/prodotto"}],"author":[{"embeddable":true,"href":"https:\/\/www.pramottonmobili.it\/fr\/wp-json\/wp\/v2\/users\/1"}],"version-history":[{"count":0,"href":"https:\/\/www.pramottonmobili.it\/fr\/wp-json\/wp\/v2\/prodotto\/8944\/revisions"}],"wp:featuredmedia":[{"embeddable":true,"href":"https:\/\/www.pramottonmobili.it\/fr\/wp-json\/wp\/v2\/media\/7584"}],"wp:attachment":[{"href":"https:\/\/www.pramottonmobili.it\/fr\/wp-json\/wp\/v2\/media?parent=8944"}],"wp:term":[{"taxonomy":"marchio","embeddable":true,"href":"https:\/\/www.pramottonmobili.it\/fr\/wp-json\/wp\/v2\/marchio?post=8944"},{"taxonomy":"tipologia","embeddable":true,"href":"https:\/\/www.pramottonmobili.it\/fr\/wp-json\/wp\/v2\/tipologia?post=8944"}],"curies":[{"name":"wp","href":"https:\/\/api.w.org\/{rel}","templated":true}]}}

Table Metrò

<p>Table à rallonges pour salle à manger, structure en aluminium, mécanisme télescopique, plateau et rallonge en panneaux stratifiés aluminium et bois.</p>
