{"id":8943,"date":"2022-02-28T15:00:30","date_gmt":"2022-02-28T14:00:30","guid":{"rendered":"https:\/\/new.pramottonmobili.it\/prodotto\/tavolo-eclipse\/"},"modified":"2022-03-02T14:53:45","modified_gmt":"2022-03-02T13:53:45","slug":"table-eclipse","status":"publish","type":"prodotto","link":"https:\/\/www.pramottonmobili.it\/fr\/prodotto\/table-eclipse\/","title":{"rendered":"Table Eclipse"},"content":{"rendered":"<p>Table de repas avec pi\u00e9tement en m\u00e9tal, plateau verre, rallonge centrale en m\u00e9lamine dans la m\u00eame couleur que celle du plateau.<\/p>\n","protected":false},"author":1,"featured_media":7601,"template":"","marchio":[128],"tipologia":[236],"class_list":["post-8943","prodotto","type-prodotto","status-publish","has-post-thumbnail","hentry","marchio-ozzio-italia-fr","tipologia-tables-et-chaises"],"acf":[],"_links":{"self":[{"href":"https:\/\/www.pramottonmobili.it\/fr\/wp-json\/wp\/v2\/prodotto\/8943","targetHints":{"allow":["GET"]}}],"collection":[{"href":"https:\/\/www.pramottonmobili.it\/fr\/wp-json\/wp\/v2\/prodotto"}],"about":[{"href":"https:\/\/www.pramottonmobili.it\/fr\/wp-json\/wp\/v2\/types\/prodotto"}],"author":[{"embeddable":true,"href":"https:\/\/www.pramottonmobili.it\/fr\/wp-json\/wp\/v2\/users\/1"}],"version-history":[{"count":0,"href":"https:\/\/www.pramottonmobili.it\/fr\/wp-json\/wp\/v2\/prodotto\/8943\/revisions"}],"wp:featuredmedia":[{"embeddable":true,"href":"https:\/\/www.pramottonmobili.it\/fr\/wp-json\/wp\/v2\/media\/7601"}],"wp:attachment":[{"href":"https:\/\/www.pramottonmobili.it\/fr\/wp-json\/wp\/v2\/media?parent=8943"}],"wp:term":[{"taxonomy":"marchio","embeddable":true,"href":"https:\/\/www.pramottonmobili.it\/fr\/wp-json\/wp\/v2\/marchio?post=8943"},{"taxonomy":"tipologia","embeddable":true,"href":"https:\/\/www.pramottonmobili.it\/fr\/wp-json\/wp\/v2\/tipologia?post=8943"}],"curies":[{"name":"wp","href":"https:\/\/api.w.org\/{rel}","templated":true}]}}

<p>Table de repas avec piétement en métal, plateau verre, rallonge centrale en mélamine dans la même couleur que celle du plateau.</p>
