{"id":8881,"date":"2022-02-28T15:05:09","date_gmt":"2022-02-28T14:05:09","guid":{"rendered":"https:\/\/new.pramottonmobili.it\/prodotto\/vetrina-charme\/"},"modified":"2022-03-02T13:39:35","modified_gmt":"2022-03-02T12:39:35","slug":"vitrine-charme","status":"publish","type":"prodotto","link":"https:\/\/www.pramottonmobili.it\/fr\/prodotto\/vitrine-charme\/","title":{"rendered":"Vitrine Charme"},"content":{"rendered":"<p>Vitrine en verre clair avec pieds chromes. Ciel et fond en acier inox ou en cuir selon \u00e9chantillons. Avec lampes halog\u00e8nes. Capacit\u00e9 maximum: chaque plateau kg 7.<\/p>\n","protected":false},"author":1,"featured_media":7865,"template":"","marchio":[109],"tipologia":[238],"class_list":["post-8881","prodotto","type-prodotto","status-publish","has-post-thumbnail","hentry","marchio-cattelan-italia-fr","tipologia-vitrines"],"acf":[],"_links":{"self":[{"href":"https:\/\/www.pramottonmobili.it\/fr\/wp-json\/wp\/v2\/prodotto\/8881","targetHints":{"allow":["GET"]}}],"collection":[{"href":"https:\/\/www.pramottonmobili.it\/fr\/wp-json\/wp\/v2\/prodotto"}],"about":[{"href":"https:\/\/www.pramottonmobili.it\/fr\/wp-json\/wp\/v2\/types\/prodotto"}],"author":[{"embeddable":true,"href":"https:\/\/www.pramottonmobili.it\/fr\/wp-json\/wp\/v2\/users\/1"}],"version-history":[{"count":0,"href":"https:\/\/www.pramottonmobili.it\/fr\/wp-json\/wp\/v2\/prodotto\/8881\/revisions"}],"wp:featuredmedia":[{"embeddable":true,"href":"https:\/\/www.pramottonmobili.it\/fr\/wp-json\/wp\/v2\/media\/7865"}],"wp:attachment":[{"href":"https:\/\/www.pramottonmobili.it\/fr\/wp-json\/wp\/v2\/media?parent=8881"}],"wp:term":[{"taxonomy":"marchio","embeddable":true,"href":"https:\/\/www.pramottonmobili.it\/fr\/wp-json\/wp\/v2\/marchio?post=8881"},{"taxonomy":"tipologia","embeddable":true,"href":"https:\/\/www.pramottonmobili.it\/fr\/wp-json\/wp\/v2\/tipologia?post=8881"}],"curies":[{"name":"wp","href":"https:\/\/api.w.org\/{rel}","templated":true}]}}

<p>Vitrine en verre clair avec pieds chromes. Ciel et fond en acier inox ou en cuir selon échantillons. Avec lampes halogènes. Capacité maximum: chaque plateau kg 7.</p>
