{"id":8726,"date":"2022-02-28T15:17:21","date_gmt":"2022-02-28T14:17:21","guid":{"rendered":"https:\/\/new.pramottonmobili.it\/prodotto\/complementi-notte-kelly\/"},"modified":"2022-03-01T16:52:51","modified_gmt":"2022-03-01T15:52:51","slug":"complement-de-nuit-kelly","status":"publish","type":"prodotto","link":"https:\/\/www.pramottonmobili.it\/fr\/prodotto\/complement-de-nuit-kelly\/","title":{"rendered":"Complement de nuit Kelly"},"content":{"rendered":"<p>Le design d\u00e9licat et sinueux de la structure exprime une sensation de l\u00e9g\u00e8ret\u00e9 et d\u2019\u00e9l\u00e9gance sophistiqu\u00e9e. Une table de chevet qui repr\u00e9sente la coordination parfaite pour le lit Kelly.<\/p>\n","protected":false},"author":1,"featured_media":6676,"template":"","marchio":[129],"tipologia":[223],"class_list":["post-8726","prodotto","type-prodotto","status-publish","has-post-thumbnail","hentry","marchio-poliform-fr","tipologia-chambres-modernes"],"acf":[],"_links":{"self":[{"href":"https:\/\/www.pramottonmobili.it\/fr\/wp-json\/wp\/v2\/prodotto\/8726","targetHints":{"allow":["GET"]}}],"collection":[{"href":"https:\/\/www.pramottonmobili.it\/fr\/wp-json\/wp\/v2\/prodotto"}],"about":[{"href":"https:\/\/www.pramottonmobili.it\/fr\/wp-json\/wp\/v2\/types\/prodotto"}],"author":[{"embeddable":true,"href":"https:\/\/www.pramottonmobili.it\/fr\/wp-json\/wp\/v2\/users\/1"}],"version-history":[{"count":1,"href":"https:\/\/www.pramottonmobili.it\/fr\/wp-json\/wp\/v2\/prodotto\/8726\/revisions"}],"predecessor-version":[{"id":8744,"href":"https:\/\/www.pramottonmobili.it\/fr\/wp-json\/wp\/v2\/prodotto\/8726\/revisions\/8744"}],"wp:featuredmedia":[{"embeddable":true,"href":"https:\/\/www.pramottonmobili.it\/fr\/wp-json\/wp\/v2\/media\/6676"}],"wp:attachment":[{"href":"https:\/\/www.pramottonmobili.it\/fr\/wp-json\/wp\/v2\/media?parent=8726"}],"wp:term":[{"taxonomy":"marchio","embeddable":true,"href":"https:\/\/www.pramottonmobili.it\/fr\/wp-json\/wp\/v2\/marchio?post=8726"},{"taxonomy":"tipologia","embeddable":true,"href":"https:\/\/www.pramottonmobili.it\/fr\/wp-json\/wp\/v2\/tipologia?post=8726"}],"curies":[{"name":"wp","href":"https:\/\/api.w.org\/{rel}","templated":true}]}}

<p>Le design délicat et sinueux de la structure exprime une sensation de légèreté et d’élégance sophistiquée. Une table de chevet qui représente la coordination parfaite pour le lit Kelly.</p>
