{"id":8719,"date":"2022-02-28T15:18:09","date_gmt":"2022-02-28T14:18:09","guid":{"rendered":"https:\/\/new.pramottonmobili.it\/prodotto\/armadio-stratus\/"},"modified":"2022-03-01T16:52:09","modified_gmt":"2022-03-01T15:52:09","slug":"armoire-stratus","status":"publish","type":"prodotto","link":"https:\/\/www.pramottonmobili.it\/fr\/prodotto\/armoire-stratus\/","title":{"rendered":"Armoire Stratus"},"content":{"rendered":"<p>Senza fine Stratus, design Giuseppe Bavuso, est characteris\u00e9 par l\u2019\u00e8xecution particulier des portes. Un d\u00e9tail qui marque agr\u00e9ablement les fronts des armoires.<\/p>\n","protected":false},"author":1,"featured_media":6692,"template":"","marchio":[129],"tipologia":[223],"class_list":["post-8719","prodotto","type-prodotto","status-publish","has-post-thumbnail","hentry","marchio-poliform-fr","tipologia-chambres-modernes"],"acf":[],"_links":{"self":[{"href":"https:\/\/www.pramottonmobili.it\/fr\/wp-json\/wp\/v2\/prodotto\/8719","targetHints":{"allow":["GET"]}}],"collection":[{"href":"https:\/\/www.pramottonmobili.it\/fr\/wp-json\/wp\/v2\/prodotto"}],"about":[{"href":"https:\/\/www.pramottonmobili.it\/fr\/wp-json\/wp\/v2\/types\/prodotto"}],"author":[{"embeddable":true,"href":"https:\/\/www.pramottonmobili.it\/fr\/wp-json\/wp\/v2\/users\/1"}],"version-history":[{"count":1,"href":"https:\/\/www.pramottonmobili.it\/fr\/wp-json\/wp\/v2\/prodotto\/8719\/revisions"}],"predecessor-version":[{"id":8739,"href":"https:\/\/www.pramottonmobili.it\/fr\/wp-json\/wp\/v2\/prodotto\/8719\/revisions\/8739"}],"wp:featuredmedia":[{"embeddable":true,"href":"https:\/\/www.pramottonmobili.it\/fr\/wp-json\/wp\/v2\/media\/6692"}],"wp:attachment":[{"href":"https:\/\/www.pramottonmobili.it\/fr\/wp-json\/wp\/v2\/media?parent=8719"}],"wp:term":[{"taxonomy":"marchio","embeddable":true,"href":"https:\/\/www.pramottonmobili.it\/fr\/wp-json\/wp\/v2\/marchio?post=8719"},{"taxonomy":"tipologia","embeddable":true,"href":"https:\/\/www.pramottonmobili.it\/fr\/wp-json\/wp\/v2\/tipologia?post=8719"}],"curies":[{"name":"wp","href":"https:\/\/api.w.org\/{rel}","templated":true}]}}

<p>Senza fine Stratus, design Giuseppe Bavuso, est characterisé par l’èxecution particulier des portes. Un détail qui marque agréablement les fronts des armoires.</p>
