{"id":11431,"date":"2022-03-08T15:15:52","date_gmt":"2022-03-08T14:15:52","guid":{"rendered":"https:\/\/new.pramottonmobili.it\/prodotto\/libreria-dalton\/"},"modified":"2022-03-08T15:16:39","modified_gmt":"2022-03-08T14:16:39","slug":"bibliotheque-dalton","status":"publish","type":"prodotto","link":"https:\/\/www.pramottonmobili.it\/fr\/prodotto\/bibliotheque-dalton\/","title":{"rendered":"Biblioth\u00e8que Dalton"},"content":{"rendered":"<p>Gr\u00e2ce \u00e0 plusieurs finitions qui lui conf\u00e8rent un charme de style contemporain particuli\u00e8rement d\u00e9coratif, la biblioth\u00e8que Dalton Bronze est la v\u00e9ritable vedette des s\u00e9jours.<br \/>\nElle est propos\u00e9e dans un \u00e9ventail de finitions in\u00e9dites qui permettent de multiplier les possibilit\u00e9s d\u2019utilisation et d\u2019ouvrir la voie \u00e0 de nouvelles interpr\u00e9tations stylistiques.<br \/>\nLes panneaux arri\u00e8re plaqu\u00e9s sont disponibles en finition Sucupira teinte Vison. \u00c9paisses, les \u00e9tag\u00e8res sont quant \u00e0 elles propos\u00e9es en laqu\u00e9 brillant Warm Grey.<br \/>\nLes supports verticaux sont en m\u00e9tal satin\u00e9, peints couleur Bronze.<\/p>\n","protected":false},"author":1,"featured_media":11426,"template":"","marchio":[125],"tipologia":[226],"class_list":["post-11431","prodotto","type-prodotto","status-publish","has-post-thumbnail","hentry","marchio-minotti-fr","tipologia-buffets-et-armoires"],"acf":[],"_links":{"self":[{"href":"https:\/\/www.pramottonmobili.it\/fr\/wp-json\/wp\/v2\/prodotto\/11431","targetHints":{"allow":["GET"]}}],"collection":[{"href":"https:\/\/www.pramottonmobili.it\/fr\/wp-json\/wp\/v2\/prodotto"}],"about":[{"href":"https:\/\/www.pramottonmobili.it\/fr\/wp-json\/wp\/v2\/types\/prodotto"}],"author":[{"embeddable":true,"href":"https:\/\/www.pramottonmobili.it\/fr\/wp-json\/wp\/v2\/users\/1"}],"version-history":[{"count":0,"href":"https:\/\/www.pramottonmobili.it\/fr\/wp-json\/wp\/v2\/prodotto\/11431\/revisions"}],"wp:featuredmedia":[{"embeddable":true,"href":"https:\/\/www.pramottonmobili.it\/fr\/wp-json\/wp\/v2\/media\/11426"}],"wp:attachment":[{"href":"https:\/\/www.pramottonmobili.it\/fr\/wp-json\/wp\/v2\/media?parent=11431"}],"wp:term":[{"taxonomy":"marchio","embeddable":true,"href":"https:\/\/www.pramottonmobili.it\/fr\/wp-json\/wp\/v2\/marchio?post=11431"},{"taxonomy":"tipologia","embeddable":true,"href":"https:\/\/www.pramottonmobili.it\/fr\/wp-json\/wp\/v2\/tipologia?post=11431"}],"curies":[{"name":"wp","href":"https:\/\/api.w.org\/{rel}","templated":true}]}}

Bibliothèque Dalton

<p>Grâce à plusieurs finitions qui lui confèrent un charme de style contemporain particulièrement décoratif, la bibliothèque Dalton Bronze est la véritable vedette des séjours.<br />
Elle est proposée dans un éventail de finitions inédites qui permettent de multiplier les possibilités d’utilisation et d’ouvrir la voie à de nouvelles interprétations stylistiques.<br />
Les panneaux arrière plaqués sont disponibles en finition Sucupira teinte Vison. Épaisses, les étagères sont quant à elles proposées en laqué brillant Warm Grey.<br />
Les supports verticaux sont en métal satiné, peints couleur Bronze.</p>
