{"id":7088,"date":"2021-03-15T15:21:55","date_gmt":"2021-03-15T14:21:55","guid":{"rendered":"https:\/\/new.pramottonmobili.it\/pramotton-mobili\/"},"modified":"2026-02-23T13:59:27","modified_gmt":"2026-02-23T12:59:27","slug":"pramotton-mobili","status":"publish","type":"page","link":"https:\/\/www.pramottonmobili.it\/fr\/","title":{"rendered":"Pramotton Mobili"},"content":{"rendered":"<p>En 1959, Giuseppe Pramotton cr\u00e9a Pramotton Mobili, aujourd\u2019hui, son fils Paolo et son petit-fils Adriano perp\u00e9tuent avec s\u00e9rieux et professionnalisme une tradition en \u00e9volution permanente.<\/p>\n<p>L\u2019entreprise distribue plus de 200 marques prestigieuses de l\u2019ameublement classique, rustique et moderne. Le vaste choix et la vari\u00e9t\u00e9 des typologies de meubles sont les atouts de Pramotton Mobili. Qualit\u00e9 et fiabilit\u00e9 sont les mots de passe ayant permis aux fr\u00e8res Pramotton d\u2019acqu\u00e9rir un nombre de plus fen plus important de clients \u00e0 l\u2019\u00e9tranger : en France et en Suisse notamment.<\/p>\n","protected":false},"excerpt":{"rendered":"<p>En 1959, Giuseppe Pramotton cr\u00e9a Pramotton Mobili, aujourd\u2019hui, son fils Paolo et son petit-fils Adriano perp\u00e9tuent avec s\u00e9rieux et professionnalisme une tradition en \u00e9volution permanente. L\u2019entreprise distribue plus de 200 marques prestigieuses de l\u2019ameublement classique, rustique et moderne. Le vaste choix et la vari\u00e9t\u00e9 des typologies de meubles sont les atouts de Pramotton Mobili. Qualit\u00e9 [&hellip;]<\/p>\n","protected":false},"author":1,"featured_media":0,"parent":0,"menu_order":3,"comment_status":"closed","ping_status":"open","template":"","meta":{"_acf_changed":false,"footnotes":""},"class_list":["post-7088","page","type-page","status-publish","hentry"],"acf":[],"_links":{"self":[{"href":"https:\/\/www.pramottonmobili.it\/fr\/wp-json\/wp\/v2\/pages\/7088","targetHints":{"allow":["GET"]}}],"collection":[{"href":"https:\/\/www.pramottonmobili.it\/fr\/wp-json\/wp\/v2\/pages"}],"about":[{"href":"https:\/\/www.pramottonmobili.it\/fr\/wp-json\/wp\/v2\/types\/page"}],"author":[{"embeddable":true,"href":"https:\/\/www.pramottonmobili.it\/fr\/wp-json\/wp\/v2\/users\/1"}],"replies":[{"embeddable":true,"href":"https:\/\/www.pramottonmobili.it\/fr\/wp-json\/wp\/v2\/comments?post=7088"}],"version-history":[{"count":12,"href":"https:\/\/www.pramottonmobili.it\/fr\/wp-json\/wp\/v2\/pages\/7088\/revisions"}],"predecessor-version":[{"id":12245,"href":"https:\/\/www.pramottonmobili.it\/fr\/wp-json\/wp\/v2\/pages\/7088\/revisions\/12245"}],"wp:attachment":[{"href":"https:\/\/www.pramottonmobili.it\/fr\/wp-json\/wp\/v2\/media?parent=7088"}],"curies":[{"name":"wp","href":"https:\/\/api.w.org\/{rel}","templated":true}]}}

<p>En 1959, Giuseppe Pramotton créa Pramotton Mobili, aujourd’hui, son fils Paolo et son petit-fils Adriano perpétuent avec sérieux et professionnalisme une tradition en évolution permanente.</p>
<p>L’entreprise distribue plus de 200 marques prestigieuses de l’ameublement classique, rustique et moderne. Le vaste choix et la variété des typologies de meubles sont les atouts de Pramotton Mobili. Qualité et fiabilité sont les mots de passe ayant permis aux frères Pramotton d’acquérir un nombre de plus fen plus important de clients à l’étranger : en France et en Suisse notamment.</p>

<p>En 1959, Giuseppe Pramotton créa Pramotton Mobili, aujourd’hui, son fils Paolo et son petit-fils Adriano perpétuent avec sérieux et professionnalisme une tradition en évolution permanente. L’entreprise distribue plus de 200 marques prestigieuses de l’ameublement classique, rustique et moderne. Le vaste choix et la variété des typologies de meubles sont les atouts de Pramotton Mobili. Qualité [&hellip;]</p>
